l/(-10))/((-10)/(-25)). Let t be 4 + 51 + 1 - (-2 + 3). What is the greatest common factor of t and a?
11
Suppose 3*h = 4*h + 5*r - 59, -3*r = -2*h + 92. Let c = -181 - -328. What is the greatest common divisor of c and h?
49
Let o(y) = 2*y**3 - 16*y**2 - 58*y - 58. Let z be o(14). What is the greatest common divisor of 52 and z?
26
Let t(m) = -m + 14. Let b be t(12). Suppose 68 = 3*d - b*x, -5*d = -0*d + x - 135. What is the greatest common factor of 65 and d?
13
Suppose 0 = 4*m + 5*l - 486, -10*l = 2*m - 11*l - 236. What is the greatest common factor of 7 and m?
7
Suppose -12 - 1 = -f. Let a(m) = m**3 - 12*m**2 - 12*m + 1. Let o be a(f). Calculate the highest common divisor of o and 28.
14
Let f = 20 + -11. What is the greatest common factor of f and 18?
9
Let z(y) = 5 - 1 + 8*y - 2*y. Let o be z(3). Suppose -31*m - 5*r = -28*m - 28, 3*m - 30 = -3*r. What is the highest common divisor of m and o?
11
Suppose -9*q + 8 + 127 = 0. Suppose 2*h - 5*y - 80 = 0, 5*h + 6*y = y + 235. What is the greatest common divisor of h and q?
15
Let q = -10 - 1. Suppose 5*u - u + 84 = 0. Let x = q - u. What is the greatest common factor of 40 and x?
10
Suppose -k = 5*w + 116, -4*w = w + 25. Let r = 210 + k. Suppose -2*p - 34 = -4*p. Calculate the greatest common divisor of p and r.
17
Suppose 3*x + 11 = 5*f, 3*x - x + 4*f = 22. Suppose -3*a + 5*a = 0. Suppose a*y + 5*y - 15 = 0. What is the highest common divisor of x and y?
3
Suppose 81*w = 34*w + 3525. Calculate the highest common divisor of 195 and w.
15
Suppose -144 = -u - u. Suppose -u - 102 = -3*z. Suppose -5*o + 298 = -427. Calculate the greatest common divisor of o and z.
29
Let p = 84 - 39. Let i(d) = 4*d**3 + d**2 - d. Let b be i(1). Suppose b*o - o = 54. Calculate the greatest common factor of p and o.
9
Let t be (42/15)/((-3)/(-30)). Let g be 10/35 + 104/t. Calculate the greatest common factor of 1 and g.
1
Let d be 10624/1079 - (1 - (-15)/(-13)). Calculate the highest common divisor of 175 and d.
5
Let i(a) = 31*a + 787. Let m be i(-25). What is the highest common divisor of 1584 and m?
12
Suppose h - 157 = 3*d - 29, -3*d = 4*h - 587. Let o = 12 + 32. Let x = o + -31. Calculate the highest common divisor of h and x.
13
Let x = -19 - -19. Suppose -5 = 5*a, -5*s + 2*a + 152 = -x*s. What is the greatest common factor of 45 and s?
15
Let y be (0 - 1)/((-6)/150). Suppose -3*t + 3*w + 625 = 2*t, -5*w = -4*t + 500. Calculate the greatest common divisor of t and y.
25
Let s be 30/8*1540/21. What is the greatest common factor of s and 175?
25
Let n = 109 - 70. Suppose l + 13 = n. Suppose 77 = 3*r + w - 2*w, -3*w = -3. What is the greatest common factor of l and r?
26
Let f = 181 - 165. Calculate the highest common divisor of f and 448.
16
Let f be 680/26 + (-2)/13. Let y(u) = 13*u**2 + 5 + 14*u**2 - f*u**2. Let b be y(0). Calculate the greatest common divisor of 15 and b.
5
Let h be (-2)/3*12/(-4). Suppose -3*o - 5 + 104 = -3*b, -h*b = 3*o - 74. Calculate the greatest common factor of 7 and o.
7
Let u(h) = h**3 + 27*h**2 + 30*h + 1002. Let z be u(-27). Let s be 1*25 - (-1)/(-1). Calculate the highest common divisor of z and s.
24
Let a be 6/(-10) - 1094*8/(-20). What is the highest common factor of 23 and a?
23
Let m = 24 + -24. Suppose m = -4*k + h + 42, -4*h = 9 - 1. What is the highest common divisor of 5 and k?
5
Let r(n) = n**3 - n**2 + 4*n - 4. Let q be r(4). Let l(z) = z**3 - 37*z**2 + 69*z + 47. Let v be l(35). Calculate the highest common factor of v and q.
12
Let b(i) = 2*i**2 + i + 7 + 0*i**2 - 10. Let p be b(3). Let g = 32 + 13. What is the highest common factor of p and g?
9
Suppose 2*p - 10 = 0, -7*y + 5*p = -3*y + 13. Suppose 2*c - r - 42 = r, -5*c = -y*r - 103. Calculate the highest common divisor of c and 10.
10
Let k be (7 + -5)*(2 - 0). Suppose k*b - 247 + 91 = 0. Calculate the greatest common divisor of 26 and b.
13
Let c be (-15)/(-10)*-1*-2. What is the greatest common divisor of 24 and c?
3
Let a(t) = -t + 21. Let j be a(17). Suppose 7*u - j*u - 36 = 0. Calculate the highest common factor of 12 and u.
12
Let p = 408 - 191. What is the highest common divisor of p and 7?
7
Suppose -4*n + 5*k - 483 = 0, 3*k = k + 6. Let t be (-10 + 0)*n/26. Let i(u) = -u**2 + u + 18. Let f be i(0). What is the greatest common factor of t and f?
9
Let h(z) = -z**3 + 8*z**2 + z - 16. Let o be h(7). Suppose 2*s = 3*s - 5. Calculate the highest common factor of o and s.
5
Let q = 1224 - 1157. What is the greatest common divisor of q and 536?
67
Suppose -34*v = 5*v - 57525. What is the greatest common factor of v and 118?
59
Let d = 1034 + -1008. What is the highest common factor of d and 1846?
26
Let y(x) = -45*x. Suppose -j - 2 + 0 = 0. Let o be y(j). Let i be -20*2/(-4) + 0. What is the greatest common divisor of o and i?
10
Let c be (7 - 5) + (0 - -49). Let j(v) = 4 - 3*v + v**3 + 1 + 13*v**2 + 14*v + 0. Let o be j(-12). What is the greatest common divisor of o and c?
17
Suppose -3*h + h - 68 = 0. Let o be (h/6)/(5/(-15)). What is the highest common divisor of 34 and o?
17
Let v = -853 - -866. Let o = 92 - 64. Let y = o - 15. What is the highest common divisor of y and v?
13
Let h be 2/5 + (890/(-25))/(-1). What is the greatest common factor of 2 and h?
2
Suppose 8*t - 6 = 6*t. Suppose -161 = -t*u - 35. Let c = u - 28. What is the highest common divisor of 154 and c?
14
Let y be (-1)/8 - (30285/40)/(-9). Suppose 5*n - 70 = -10. Calculate the highest common divisor of n and y.
12
Let c be ((24/(-10))/(-2))/((-1)/(-5)). Suppose -d + 11 + c = 0. Let r = 402 - 283. What is the highest common divisor of r and d?
17
Let l = -51 - -31. Let y be (l/4 - -3) + 4. Suppose y*q - 3*k = q + 25, 5*q + k - 141 = 0. What is the highest common factor of q and 4?
4
Suppose 147*t - 157*t + 4810 = 0. Calculate the greatest common factor of t and 74.
37
Suppose -5*p - 15 = -35. Let a be (-20)/(-15)*9 - 2. What is the greatest common factor of p and a?
2
Let g(l) = -l**2 + 11*l + 27. Let n be g(10). Let y = n + 123. Calculate the highest common divisor of 10 and y.
10
Let a be (-10 - (-3 - 2)) + 17. What is the greatest common divisor of 12 and a?
12
Let k be 63/12*64/12. Let n be (-114)/(-8) + 2/(-8). What is the greatest common factor of k and n?
14
Suppose -2*k + 172 = -188. Suppose 55 = 2*g + 15. What is the highest common divisor of k and g?
20
Let c = 432 + -421. What is the greatest common divisor of 1 and c?
1
Let f = -12 - -30. Calculate the highest common divisor of f and 42.
6
Suppose -5 = -s - 0*s, -4*k = -5*s - 1379. What is the highest common factor of k and 195?
39
Let d be ((-30)/12)/((-2)/(-4)). Let g(j) = -11*j - 15. Let w be g(d). Let l = 14 + 46. What is the greatest common factor of w and l?
20
Let x be 0/1 - 2976/(-31). What is the greatest common divisor of 168 and x?
24
Let l(w) be the first derivative of -5*w**2/2 - 18*w + 10. Let f be l(-4). Calculate the highest common divisor of f and 2.
2
Let i = -29 - -20. Let l be 14/(-10)*(i - -4). What is the greatest common divisor of l and 28?
7
Suppose -4*a + 2100 = -3*a - 2*u, 0 = a - u - 2103. Calculate the highest common divisor of a and 26.
26
Suppose 0 = 2*y + 3*y - 325. Suppose -g + 17*g - 224 = 0. Let o be g/2 - (9 + -15). What is the greatest common divisor of o and y?
13
Suppose a = 2*s + 3 + 2, 0 = -2*a + 5*s + 10. Let k be 28*(2 - a - (-14)/4). Calculate the highest common divisor of k and 14.
14
Let a be (19 + 2)*2/3. Let z(l) = 2*l**3 - 5*l**2 + 4*l. Let t be z(2). Suppose 0 = -t*u - 71 + 575. What is the highest common divisor of a and u?
14
Let b = -323 + 373. Calculate the highest common factor of b and 75.
25
Let h(i) = 4*i**3 + 4*i**2 + i - 3. Let j be h(3). Let f = 35 + -43. Let y be -6*f/18*(-7 - -13). What is the highest common divisor of j and y?
16
Let a be (498/(-8))/((-93)/868). Calculate the greatest common factor of 7 and a.
7
Suppose 0 = -4*i + 6*i - 2*c - 74, -43 = -i - 5*c. Calculate the greatest common factor of i and 551.
19
Let v(u) = 3*u - 28 + 16 + u**2 + 7*u + 35. Let y be v(-7). What is the highest common divisor of y and 2?
2
Suppose 5*h - 18 = h + 2*o, 2*h + o - 7 = 0. Let l = h + -3. Suppose 0 = -y + 34 - l. What is the greatest common divisor of y and 22?
11
Let a = -124 - -205. Calculate the greatest common factor